-6*a + 89. Give n(16).
-7
Let h(z) = -6*z - 22. Give h(0).
-22
Let m(y) = y**2 - 38. Determine m(0).
-38
Let o(t) = t**3 + 6*t**2 - 5*t - 9. Calculate o(-6).
21
Let s(u) = 45*u + 9. What is s(0)?
9
Let m(n) = n**2 + 15*n + 7. Give m(-7).
-49
Let f(n) = 86*n**2 + 4*n - 4. Calculate f(1).
86
Let g(j) = j + 1. What is g(-6)?
-5
Let q(s) = -s**3 - 14*s**2 - 12*s - 6. Determine q(-13).
-19
Let d(a) = 8*a**2 - 2*a - 1. Calculate d(1).
5
Let k(w) = 8*w. What is k(-2)?
-16
Let i(u) = -55*u + 396. Determine i(7).
11
Let n(c) = -138*c - 23. Give n(-1).
115
Let l(n) = -n**3 - n**2 + n + 9. Give l(0).
9
Let k(f) = -f**3 - 18*f**2 + 17*f - 56. Determine k(-19).
-18
Let f(n) = n**3 + 11*n**2 + 11*n + 14. Give f(-10).
4
Let y(t) = t**3 - 39*t**2 - 27*t - 518. What is y(40)?
2
Let k(v) = -2*v**3 + 12*v**2 - 12*v + 4. Determine k(5).
-6
Let z(p) = -44*p**2 - 573*p - 20. What is z(-13)?
-7
Let d(h) = h**3 - 6*h**2 + 4. Give d(5).
-21
Let r(a) = a**2 + 6. Determine r(7).
55
Let b(x) = -x**2 - 24*x - 51. What is b(-22)?
-7
Let d(v) = v**3 - 2*v**2 + 36*v + 13. Calculate d(0).
13
Let y(u) = 9*u + 2. Give y(-14).
-124
Let v(x) = -4*x - 24. Calculate v(20).
-104
Let u(v) = v - 2. Calculate u(-4).
-6
Let l(n) = 65*n**2 + 2*n - 2. Calculate l(-2).
254
Let j(i) = 2*i**2 - 7*i + 9. Determine j(-5).
94
Let s(l) = l**2 + 4*l - 7. What is s(-6)?
5
Let k(r) = r**2 - 11*r + 47. Calculate k(10).
37
Let o(n) = -4*n + 14. Determine o(5).
-6
Let b(f) = 39*f - 22. What is b(2)?
56
Let s(c) = c - 17. Give s(9).
-8
Let c(i) = -27*i + 2. Calculate c(-1).
29
Let c(o) = o**3 - o**2 - o - 1. What is c(2)?
1
Let i(t) = -2*t**2 - 33*t - 92. What is i(-4)?
8
Let v(o) = o**3 - 21*o**2 + 100*o - 3. Determine v(14).
25
Let q(h) = 35*h + 427. What is q(-12)?
7
Let w(k) = -k**2 + 7*k - 8. Calculate w(7).
-8
Let h(g) = -g**2 + 9*g - 4. What is h(8)?
4
Let d(f) = f**3 - 16*f**2 + 15*f - 11. Calculate d(15).
-11
Let y(f) = 3*f**2 - f. Calculate y(-1).
4
Let k(y) = y**3 + 9*y**2 + 2*y - 37. Calculate k(-8).
11
Let b(t) = -4*t**2 + 12*t + 4. Determine b(4).
-12
Let o(h) = h + 30. What is o(-16)?
14
Let u(m) = m**2 - 1. Calculate u(-2).
3
Let m(c) = -2*c**2 + c + 2. Calculate m(5).
-43
Let f(s) = 8*s - 220. What is f(28)?
4
Let o(c) = -c**3 + 7*c**2 - 9*c - 1. Give o(5).
4
Let d(y) = 10*y + 440. Calculate d(-44).
0
Let v(a) = -4*a - 44. Calculate v(-5).
-24
Let o(i) = -i - 15. Give o(-9).
-6
Let p(f) = -f**3 + 19*f**2 + 24*f - 74. Determine p(20).
6
Let m(k) = 43*k + 304. What is m(-7)?
3
Let n(r) = -r**2 - 15*r + 278. Give n(-26).
-8
Let s(z) = -z**3 - 18*z**2 + 2*z + 21. Give s(-18).
-15
Let l(y) = y**2 - 2*y - 5. Give l(5).
10
Let v(y) = 4*y - 23. Give v(5).
-3
Let c(q) = -q - 26. Give c(-18).
-8
Let m(s) = 9*s + 29. Determine m(-6).
-25
Let g(y) = 3*y - 30. Determine g(14).
12
Let t(h) = -2*h**3 + 7*h**2 - 2*h - 9. Determine t(4).
-33
Let s(m) = m**3 - 11*m**2 + 7*m + 11. What is s(10)?
-19
Let j(c) = c**3 - 7*c**2 + 10*c - 14. What is j(6)?
10
Let w(k) = k**2 - 6*k + 6. Give w(6).
6
Let a(t) = -13*t - 380. Give a(-29).
-3
Let y(i) = i**3 - 16*i**2 + 14*i - 29. Give y(15).
-44
Let n(q) = 6*q + 29. Give n(-6).
-7
Let a(b) = 2*b**2 + 28*b - 8. Determine a(-14).
-8
Let q(g) = 8*g**2 - 4*g + 9. Give q(3).
69
Let o(q) = q**2 + 6*q - 6. What is o(-7)?
1
Let p(u) = u**3 - 8*u**2 + 4*u + 25. Calculate p(7).
4
Let i(z) = 2*z - 24. Determine i(13).
2
Let g(h) = -2*h + 5. Give g(6).
-7
Let g(s) = s - 10. Give g(6).
-4
Let f(m) = m**2 + 8*m - 10. Determine f(-8).
-10
Let r(f) = 3*f**2 + 11*f - 14. Determine r(-6).
28
Let t(m) = 2*m**3 + 38*m**2 + 39*m + 21. Determine t(-18).
-33
Let r(s) = s**2 - 22*s + 13. Give r(12).
-107
Let x(a) = -a**2 - 3*a + 3. Calculate x(2).
-7
Let t(b) = -b**3 - 9*b**2 - 3*b - 28. Give t(-9).
-1
Let l(t) = t**2 + 4*t + 9. Calculate l(-4).
9
Let x(i) = -i**2 + 15*i - 18. Determine x(15).
-18
Let c(d) = -d + 3. Give c(6).
-3
Let b(h) = h**3 - 5*h**2 - 8*h + 3. Determine b(6).
-9
Let p(c) = -c**3 + 15*c**2 - 11*c - 26. What is p(14)?
16
Let q(i) = -i**3 - 11*i**2 - 10*i + 10. Determine q(-9).
-62
Let w(s) = -s**3 - 6*s**2 - 3. What is w(-6)?
-3
Let h(l) = l**3 + 10*l**2 + 11*l + 14. Give h(-9).
-4
Let j(u) = -4*u**3 - u**2 + u + 1. Calculate j(3).
-113
Let w(d) = -3*d**2 - 8*d + 6. Calculate w(-5).
-29
Let o(b) = 3*b**3 - 6*b + 5. Give o(3).
68
Let l(t) = t - 8. Determine l(4).
-4
Let a(r) = -4*r**2 + 4*r + 11. Calculate a(-2).
-13
Let f(g) = -g**3 - 15*g**2 + 18*g + 18. Give f(-16).
-14
Let h(k) = 3*k**2 - 12. Calculate h(-5).
63
Let u(y) = y**2 + 21*y + 10. Calculate u(-21).
10
Let y(x) = -14*x - 13. What is y(-6)?
71
Let q(z) = z**2 - 2*z + 55. Determine q(0).
55
Let i(z) = -2*z + 20. Calculate i(8).
4
Let f(g) = -g**3 + 20*g**2 - 20*g - 20. What is f(19)?
-39
Let a(q) = -2*q**2 + 12*q + 22. Calculate a(12).
-122
Let p(x) = -x**3 + 6*x**2 - 5*x + 1. Give p(6).
-29
Let m(i) = i**3 - 8*i**2 + 5*i - 1. Give m(7).
-15
Let x(r) = -4*r - 4. Give x(-9).
32
Let x(g) = -4*g**2 - 9*g - 3. What is x(-3)?
-12
Let m(q) = -q**2 - 6*q + 15. Determine m(-9).
-12
Let b(g) = 11*g - 94. Calculate b(11).
27
Let b(t) = 4*t**3 - 17*t**2 + 7*t - 14. Determine b(4).
-2
Let s(k) = -3*k**3 - k**2 + 5. Calculate s(-2).
25
Let v(u) = -u**3 - 4*u**2 + 2*u + 11. Give v(-5).
26
Let w(g) = -g**2 - 18*g - 59. What is w(-12)?
13
Let c(z) = -3*z - 32. What is c(-16)?
16
Let f(c) = 7*c**2 + c + 4. Give f(3).
70
Let w(x) = 2*x**3 - 9*x**2 - 6*x + 45. Determine w(4).
5
Let d(s) = s**3 + 7*s**2 + 3*s + 8. Give d(-6).
26
Let y(a) = 3*a + 11. Calculate y(6).
29
Let i(z) = 2*z - 23. What is i(11)?
-1
Let j(q) = 2*q**2 + 24*q - 17. Calculate j(-12).
-17
Let z(i) = i**2 + 15*i + 13. Calculate z(-10).
-37
Let x(w) = w**3 + 6*w**2 - 3*w + 7. What is x(-7)?
-21
Let r(t) = 19*t - 23. Give r(8).
129
Let o(s) = 2*s**2 + 9*s + 24. Determine o(-2).
14
Let i(f) = 2*f**2 - 6*f + 5. Give i(4).
13
Let h(d) = 4*d + 41. Determine h(33).
173
Let u(r) = 4*r + 7. Determine u(-2).
-1
Let f(x) = 2*x**3 - 3*x**2 - 3*x - 1. What is f(-1)?
-3
Let m(z) = 2*z + 5. Determine m(-5).
-5
Let k(n) = 7*n - 20. Calculate k(6).
22
Let h(o) = o**2 + 41*o - 47. Determine h(-42).
-5
Let a(i) = -i**2 - i + 16. Give a(-3).
10
Let n(i) = 3*i - 11. Determine n(8).
13
Let l(p) = -33*p + 174. Calculate l(5).
9
Let u(x) = -3*x**3 - 4*x**2 - 9*x - 7. Give u(-2).
19
Let j(k) = k**2 + k - 10. What is j(0)?
-10
Let c(a) = a**3 + 15*a**2 - 18*a - 30. Determine c(-16).
2
Let q(l) = -54*l - 2. Determine q(1).
-56
Let t(d) = -4*d**2 + 2*d + 2. Give t(-2).
-18
Let g(s) = 77*s + 160. Determine g(-2).
6
Let x(z) = -3*z - 26. Determine x(-12).
10
Let k(y) = -5*y + 23. What is k(-9)?
68
Let g(b) = -b**2 - b + 15. Give g(-7).
-27
Let x(h) = h**3 + 12*h**2 + 37*h + 3. Give x(-5).
-7
Let u(k) = -3*k + 2. What is u(3)?
-7
Let j(u) = 4*u - 8. Give j(-10).
-48
Let g(k) = k**2 - 4*k - 8. Give g(8).
24
Let p(o) = 8*o + 6. Determine p(-2).
-10
Let z(d) = -3*d**2 - 3*d + 24. Determine z(-4).
-12
Let q(t) = -t**3 + 14*t**2 - 18*t - 4. Give q(9).
239
Let l(x) = x**3 + 55*x**2 - 57*x - 59. What is l(-56)?
-3
Let t(s) = -6*s - 2. What is t(3)?
-20
Let x(d) = 211*d + 639. Calculate x(-3).
6
Let n(r) = -62*r - 2. Calculate n(1).
-64
Let m(x) = -x**3 + 3*x**2 + x - 3. Calculate m(0).
-3
Let u(m) = -3*m**2 - 2*m + 10. What is u(-4)?
-30
Let p(v) = 2*v**3 - 4*v**2 - 9*v - 5. What is p(-2)?
-19
Let y(a) = a**3 + 13*a**2 + 10*a - 11. Calculate y(-12).
13
Let b(k) = -k**3 - k**2 + 14. Give b(0).
14
Let o(h) = -2*h - 27. Calculate o(-9).
-9
Let i(u) = -u**3 - 8*u**2 + 2*u - 11. What is i(-8)?
-27
Let h(k) = -k + 7. Calculate h(5).
2
Let c(h) = 9*h + 38. What is c(0)?
38
Let b(i) = -i**2 + 4*i - 8. What is b(2)?
-4
Let u(l) = -l + 2. Calculate u(1).
1
Let r(h) = 2*h - 15. Determine r(0).
-15
Let l(y) = y**3 + 5*y**2 - 9*y - 8. What is l(-6)?
10
Let z(t) = 19*t + 181. What is z(-10)?
-9
Let r(o) = o**3 - 3*o - 11. Calculate r(0).
-11
Let z(m) = 7*m - 62. Calculate z(8).
-6
Let i(b) = 7*b**2 + 2*b + 3. What is i(-2)?
27
Let h(z) = z - 9. What is h(11)?
2
Let b(c) = -41*c + 41. Give b(3).
-82
Let p(i) = i**3 - 6*i**2 - 7*i + 8. Calculate p(7).
8
Let d(n) = -14*n**3 - 6*n - 5. What is d(-2)?
119
Let s(a) = -11*a**3 + 2*a**2 + 2*a - 2. What is s(1)?
-9
Let j(c) = c**2 - 4*c. What is j(3)?
-3
Let v(c) 